
0
Let a(u) = 36 - 125 + 44 + 41 + 4*u - 2*u. Calculate a(3).
2
Let z be (6/(-20))/(9/(-45))*-120. Let t = 182 + z. Let j(c) = -1. Let o(y) = 3*y + 1. Let r(h) = -2*j(h) - o(h). Determine r(t).
-5
Let i(k) = k - 8. Let b be i(2). Let d(a) = -9*a - 60. Let n be d(b). Let u(c) = -c**3 - 6*c**2 + 4*c + 9. Calculate u(n).
-15
Let d = 8 + -8. Suppose 2*t = -2 - d. Let z be 2 - (t - (1 + -3)). Let k(y) = 6*y**3 + y**2 - 2*y + 1. Give k(z).
6
Let x(k) = k**3 + k**2 - 2*k - 3. Let n(f) = f + 2. Let o be n(-2). Suppose -j + 0 - 3 = o. Let p be j + 4 + (-4 - -1). Give x(p).
-3
Let i(a) = a - 9. Let h be i(0). Let n(g) = g**2 + 7*g - 12. Give n(h).
6
Let f(h) = 0*h - h - 12*h + 18*h - 8*h. Let q be ((-2)/2 - 2) + 1. Calculate f(q).
6
Let g(c) = -c + 2. Suppose -5*p - 21 = -4*o, -5*o + 4*o + 24 = -5*p. Let u be 1/5 - 119/p. Suppose 7*n - n = -u. Give g(n).
6
Let w(q) = -8 + 6 - 4*q + 1 + 6 + 11. Determine w(8).
-16
Let z(r) = -2*r**3 - 6*r**2 - r. Suppose -2*j - 12 = 4*h, 33*h - j = 28*h - 22. What is z(h)?
36
Let v(j) = j**2 - 2*j - 3767 + 3767 + 3*j**2. Calculate v(-2).
20
Let r(j) be the second derivative of j**4/12 - 7*j**3/6 + 3*j**2/2 - 9*j - 2. What is r(8)?
11
Let a(p) = p**3 - 3*p**2 + 2*p - 1. Let s be (-106)/(-22) + -2 - (-98)/539. What is a(s)?
5
Suppose -h - 15 = -5*r + 3*r, r = 2*h + 18. Let u(t) = t**3 + 8*t**2 + 9*t + 2. Determine u(h).
-12
Suppose 0*i + 15 = 15*i. Let w(k) be the second derivative of 0*k**2 + 7/6*k**3 + k + 0. Calculate w(i).
7
Let q(d) be the first derivative of 0*d**3 - 5/2*d**4 + d + d**2 + 10. What is q(-1)?
9
Let f(u) be the second derivative of -u**3/2 - 6*u**2 + u - 10. What is f(-8)?
12
Let r(b) be the first derivative of -1/4*b**4 - 1/2*b**2 + 5 - 2*b + 5/3*b**3. Give r(2).
8
Let j(f) = f**2 + 2*f. Let a(m) = 3*m**2 - 3*m - 10. Let i(s) = -a(s) + 4*j(s). Calculate i(-9).
-8
Let c(j) = j**3 + 3*j**2 - 5*j - 3. Let f be c(-4). Let m = 3 + -1. Let g(n) = -4*n**2 - f + 3*n - n + 3*n**m. Calculate g(4).
-9
Let t(u) = u**3 - 8*u**2 + 7*u + 2. Let k(g) = -g**3 + 8*g**2 - 7*g - 3. Let j(f) = 2*k(f) + 3*t(f). Let x(h) = 11*h + 62. Let l be x(-5). Determine j(l).
0
Let i(g) = 6*g + 4. Let y(f) = -2 + f + 0 + 4 - 1. Let z(k) = 2*i(k) - 11*y(k). Determine z(-4).
-7
Let b(a) = -a**2 - 4*a + 1. Suppose -27*o = -59*o - 160. Calculate b(o).
-4
Let r(g) = -g**2 - 13*g + 3. Let j be ((-1)/(-6 - 620/(-104)))/(-2). What is r(j)?
3
Let a(k) = k - 3. Let n be ((-6)/(-8))/(-3) - 242/88. What is a(n)?
-6
Let o = 71 + -64. Suppose 0 = o*s + 15 + 13. Let w(t) = t**3 + 5*t**2 + 5*t + 4. Calculate w(s).
0
Suppose 13 = -f - 4*r, 2*r - 3*r = -f + 7. Let y(c) = -c - 8. Let d(t) = -2*t - 8. Let s(q) = f*y(q) - 2*d(q). Determine s(0).
-8
Let a(h) be the second derivative of -h**5/20 + h**4/2 - h**3/6 - h**2/2 + 27*h. What is a(5)?
19
Suppose p = 0, -5*d = 5*p - 0*p + 25. Suppose 0 = i - 2, f + f = 5*i + 12. Let w(o) = -o + 19*o**3 + f*o**3 - 5*o**2 - 31*o**3 + 1. Determine w(d).
6
Let m(d) = -d + 12. Let k be 22/(-33) - 4/(-6). Calculate m(k).
12
Let u(i) = -30*i + 5. Let a(n) = -7*n + 1. Let o(z) = -9*a(z) + 2*u(z). What is o(8)?
25
Let m(q) be the second derivative of -1/2*q**2 - 10*q - 1/6*q**3 + 0. Determine m(6).
-7
Let h(w) = 14*w - 3. Let s(q) = -5*q + 1. Let b(n) = -4*h(n) - 11*s(n). Let g be (-1)/(((-3)/(-2))/3). Let y be 1/g - (-55)/10. Determine b(y).
-4
Let v(s) = -5*s**3 + 3*s**2 + 8*s - 34. Let a(f) = 3*f**3 - 2*f**2 - 5*f + 21. Let x(h) = -8*a(h) - 5*v(h). What is x(-4)?
-46
Let y(j) be the third derivative of -j**4/8 - j**3/2 - 2*j**2. Let l be ((-5)/3)/(979/66 + -14). Calculate y(l).
3
Let c(p) = -4*p**2 - 2*p + 2. Let g be c(1). Let v = -1 + g. Let d(q) = 3*q**2 + 0*q + q + 4*q - 7 - 2*q**2. Give d(v).
-7
Suppose g = 5*g - 12, -c - 3*g - 60 = 0. Let z = 67 + c. Let n(h) = -h**2 - 3*h - 3. What is n(z)?
-1
Suppose -5 = -3*k + 4*k. Let p(f) be the third derivative of -f**4/24 - 2*f**3/3 + 28*f**2. Determine p(k).
1
Let t(a) be the first derivative of -1/3*a**3 - 1/2*a**2 + a - 19. What is t(1)?
-1
Let m(b) = b**3 + 7*b**2 + 4*b - 7. Suppose 271*s + 12 = 269*s. Give m(s).
5
Let k = 35 - 27. Let i(m) = 0*m**3 + 12*m**3 - k*m**3 - 1. Determine i(1).
3
Let z(w) = 0 + 3*w + 10 + w**2 - 8*w**2. Let a(f) = 6*f**2 - 2*f - 9. Let t(u) = -6*a(u) - 5*z(u). Let o be 6/(-8)*(6 + -2). Calculate t(o).
4
Let a(j) be the first derivative of 3*j**4/4 + 2*j**3/3 + 3*j**2/2 + 2*j + 103. What is a(-2)?
-20
Let h(a) = 2*a - 12. Let o be h(9). Let l(b) = -o + 4 - b + 7*b + 1. Let i = -40 - -41. Determine l(i).
5
Let j(g) = 3 - 27*g**2 - 125*g - 2 + 2 + 117*g + 28*g**2. Let v be 1*4*6/4. What is j(v)?
-9
Let z(c) be the third derivative of -3/8*c**4 + 7/6*c**3 - 1/12*c**5 - 12*c**2 + 0*c + 1/120*c**6 + 0. Give z(6).
-11
Let b(f) = -6*f + 3. Let l be (6 + -10 - -2) + 10/2. Calculate b(l).
-15
Let t(s) = s**2 + 7*s - 2. Let c be 5*6*(-10)/(-30). Suppose c + 5 = -2*k + 5*l, 4*k = l - 21. Give t(k).
-12
Let z(x) = -14*x + 13. Let k(d) = 26*d - 22. Let g(r) = 3*k(r) + 5*z(r). Determine g(-4).
-33
Let k(w) be the third derivative of w**4/6 + 7*w**3/6 + 43*w**2. Determine k(-7).
-21
Let q(t) = -8*t + 10. Let m(z) = 19*z - 21. Let l(h) = 3*m(h) + 7*q(h). Calculate l(12).
19
Let u be (0 - 2)/(2/(-5)). Let m(i) = -445*i + i**2 - 14 + 13 + 6 + 438*i. Determine m(u).
-5
Let n(o) = -o**3 + 4*o**2 + 7*o. Let c = -1275 - -1280. Determine n(c).
10
Suppose -5*c + k = -10, -2*k + 20 = 2*k. Let r(f) = f - 1. Let b(x) = -x**2 - 3*x + 3. Let q be 6/(-4)*6/(-9). Let o(a) = q*b(a) + 4*r(a). What is o(c)?
-7
Let z(a) = 3*a**2 - 19315 + 4*a + 19318 + a**3 - 9*a**2. What is z(4)?
-13
Let j(l) = 6*l + 0*l + l**2 - 2*l + 2*l - 4. What is j(-7)?
3
Let b = -7 + 18. Let i(o) be the first derivative of 8*o + 6*o + 6 + o**2 - b*o. What is i(4)?
11
Let u be -3 + -1*(-2 - -17). Let b(d) = -d - 1. Let r = 18 + -17. Let w(s) = -15*s - 18. Let h(i) = r*w(i) + u*b(i). Determine h(1).
3
Suppose 69*x = 4*y + 67*x + 12, -3*y - 5*x - 9 = 0. Let b(a) = -a**3 + a**2 + 2*a - 3. Give b(y).
27
Suppose -4*w + 38 = 14. Suppose u = -0 + w. Let r(m) = -m**2 + 8*m - 4. What is r(u)?
8
Let r(k) = -6*k**3 - 22*k**2 - k - 10. Let w(h) = 3*h**3 + 10*h**2 + 5. Let c(p) = 4*r(p) + 9*w(p). Give c(2).
29
Let c(z) = z**3 + 8*z**2 - z - 3. Suppose 16 = -3*k + k. Let i be c(k). Let h(g) = 2*g - 5. Determine h(i).
5
Let l(o) = o - 7. Let p be l(5). Suppose -2*c + 11 - 5 = 0. Let k(t) = 22*t**c + 28*t**3 - 51*t**3. What is k(p)?
8
Let p be 18/45 + (-16)/(-10). Let i(n) = -13 + 7 + 1 + 0*n - 5*n**p - 7*n - n**3. What is i(-4)?
7
Let t(x) = x + 8. Let r(v) = -7*v**2 - 2*v + 14*v**2 - 8*v**2 + 2. Let i be r(-4). Determine t(i).
2
Let x be 1 - (2 + 2/2). Suppose 7*n + 6*n = 897. Let g(c) = -76*c + 148*c - n*c. Give g(x).
-6
Let u(h) = h. Let z(m) = 5*m + 2. Suppose 2 = -4*f + 2*f. Let x(c) = f*z(c) + 4*u(c). What is x(5)?
-7
Suppose 0 = -4*d + 7*d + 9. Let l(y) = y**2 - y - 1. Let g(h) be the second derivative of h**3/2 - h**2 - 30*h. Let q(r) = g(r) + 2*l(r). Calculate q(d).
11
Let i be (5 + (2 - 6))/(3/18). Let h(v) = 5*v**2 - 11*v + 9. Let q(g) = -g**2 + g - 1. Let f(x) = i*q(x) + h(x). Give f(-6).
-3
Let f(w) = w. Let g = 5 - 5. Suppose g = k - 11. Let r = k + -17. What is f(r)?
-6
Let u(l) = 3*l. Let z(b) = -b**3 - 4*b**2 + 24*b + 14. Let i be z(-7). Determine u(i).
-21
Suppose 4*i - 5*t = -3, 0*i + 2 = -2*i + 2*t. Let n(r) = -99*r - 36. Let v(k) = -107*k - 39. Let g(h) = 13*n(h) - 12*v(h). Determine g(i).
6
Let x(t) be the second derivative of 7/2*t**2 - 5/12*t**4 + t + 0 - 1/20*t**5 + 4/3*t**3. Let y = 4 - 10. Determine x(y).
-5
Let v(n) = 6*n - 2*n - 3*n - 2*n**3 + 1 - 2*n**2. Let a = -5 - -10. Suppose 3*c + a*d = -2*c - 10, 3*c + 2*d + 6 = 0. Give v(c).
7
Let d be 1/(-2) + 273/26 + -6. Let r(h) = -h**3 + 2*h**2 + 7*h - 5. Determine r(d).
-9
Let k(n) = -7*n - 58. Let h be k(-9). Let r(m) = -1 + 12 - 7 - h - 2*m - 14*m**2. Calculate r(-1).
-13
Let l(c) = -9*c**3 - c + 1. Suppose m + 4*m = 120. Suppose -4*i - 44 = -5*o - 0, -3*o = -2*i - m. Let z be 2*3*(-1)/i. Give l(z).
-9
Suppose -5*b + 111 = -4*f - 15, -4*f = -4. Suppose 2*j = -32 + b. Let u(n) be the first derivative of n**3/3 + 2*n**2 + n - 1. What is u(j)?
-2
Let k(r) be the second derivative of r**7/840 + r**6/90 - r**5/20 - r**4/8 - 7*r**3/6 - r. Let b